2) a composite number?
False
Let z(t) = 499*t**2 + 16*t + 13. Let k(w) = 166*w**2 + 5*w + 5. Let r(v) = 7*k(v) - 2*z(v). Is r(-10) a prime number?
False
Let f = -2803 - -14006. Is f a prime number?
False
Let p = -19 - -12957. Is p prime?
False
Let x(r) = -r + 13. Let k be x(8). Suppose 8*z + k*t - 10 = 4*z, -19 = -5*z - 3*t. Is ((-620)/(-8))/z*22 composite?
True
Suppose 2*v - 312 = -3*a + 17198, -2*a + 11680 = 3*v. Suppose -7*p + 57453 = -a. Is p prime?
True
Suppose 4*m + 6909 = -2*y + 623, 0 = 2*y - 5*m + 6250. Let z = 9248 + y. Is z a prime number?
True
Let r = -57668 + 129735. Is r composite?
True
Let d = 45752 - 30781. Is d a composite number?
True
Let f be ((-3186)/(-81))/((-1)/(-3) + -1). Let g = -71 - f. Is (2 - 3)/((g/(-3))/(-5164)) composite?
False
Let s = 165369 - 70682. Is s prime?
True
Let p(m) = -101*m - 2. Let c be p(-1). Suppose 10*l - l = -c. Let t(w) = 2*w**2 - 12*w - 15. Is t(l) composite?
False
Let z be 1/9*-2 + 2795/387. Is (1828/z)/((-2)/(-7)) composite?
True
Suppose 7*x - 5 - 44 = 0. Is -7909*((-2)/(-4))/(x/(-14)) prime?
False
Let s(t) = 7*t**2 - 354*t - 3329. Is s(-132) prime?
True
Let a = 179 - 106. Let p = 338 - a. Suppose -3*w - f = -p, -2 = 2*f + 2. Is w a prime number?
True
Suppose 3*o + 3*v - 4695 = 4698, v = -1. Suppose -2985 = -c - d + 143, -c = -3*d - o. Suppose 4*n - 931 = 2*h - c, -4*h - 4*n = -4408. Is h composite?
True
Let r = 140309 + -48942. Is r composite?
False
Let c = -113093 + 286026. Is c a composite number?
False
Suppose 2*i - 14 = 6*g - g, -2*g = i + 2. Suppose -i*o - 4*a + 16002 = 0, o - 4*a - 8986 + 961 = 0. Is o a composite number?
False
Suppose -5*g = -16 - 4. Suppose -2*n - g*c = -6454, c - 3239 = -n + 2*c. Is n a prime number?
False
Suppose -16 = 6*r - 40. Suppose 0 = -2*y - 2*h + 786, 0*y - y = r*h - 387. Let j = 236 + y. Is j composite?
False
Let k be 2/1 + (-15)/15. Let p be 49/(-14)*k*-2*1. Suppose -p*n + 6307 = -0*n. Is n a composite number?
True
Let v = -338 - -434. Suppose -102*i = -v*i - 3438. Is i a prime number?
False
Let y = -33022 + 54081. Is y a prime number?
True
Is 6*24/(-36) - (-727246 + 1) composite?
False
Suppose 0 = 2*m + 3*m + 4*g - 279, 0 = -3*m - 2*g + 167. Let d = m + -52. Suppose -2*a - 3*l - 2*l = -2105, d*l - 3162 = -3*a. Is a prime?
False
Let i = -161112 - -403735. Is i composite?
True
Let r(b) = b + 1737. Let y be 0/(16/4 + -2). Let l be r(y). Let u = -1124 + l. Is u prime?
True
Let r be ((68/(-6))/(-1))/(4/(-18)). Let c = r + 54. Suppose -c*n + 34 = -i + 174, 660 = 5*i + 5*n. Is i prime?
False
Suppose 12 = x + 2*j, 3*j - 28 = -5*x + j. Suppose 1905 = x*l - 1171. Is l a prime number?
True
Suppose 5*r + 5*x - 9066 = 7084, x + 16150 = 5*r. Let q = r - 1753. Is q prime?
False
Is ((-387800)/(-6) + 2)*((-1264)/(-32) + -38) a prime number?
True
Let y(k) = k**3 + 4*k**2 - 3*k - 9. Let w be y(-4). Suppose 5*v = -w*z - 447, -3*v - 3*z - 279 + 12 = 0. Let u = v - -212. Is u composite?
True
Suppose 0 = 4*k + 3*p + 178, 4*p = 2*k + 2*k + 192. Let t = -44 - k. Suppose 3*w - 77 = t*w. Is w composite?
True
Let d(u) = -3*u**2 + 3*u + 18. Let h be d(5). Let r be 17/(-3) + h/(-63). Let q(b) = -54*b**3 - 3*b**2 + 10*b + 4. Is q(r) a composite number?
True
Let i = -290 + 204. Let p be i/(-18) + -5 - (-284)/(-18). Let f(y) = 5*y**2 - 5*y + 37. Is f(p) a prime number?
False
Let t(n) = 3775*n**2 + 88*n + 734. Is t(-9) a prime number?
True
Suppose -4*s + 7*s + 30414 = 0. Let h = s - -14823. Is h prime?
False
Let z = -25 + 27. Suppose -15255 = -4*r + g, 5569 + 2055 = z*r - 4*g. Suppose -r = -4*l - 2*m + 3522, 3*l = -5*m + 5495. Is l prime?
False
Suppose 6*v - 7856 = -944. Let d = v - 665. Is d prime?
True
Let h be -24*(-18)/27*14. Is 64/h*(-63182)/(-4) prime?
True
Suppose -4*z - 4*g + 1633 = g, 0 = z + 5*g - 397. Let d = -2 - -7. Suppose 2*w = -5*h + 278, z = d*w - 2*w + 5*h. Is w a prime number?
False
Let n(d) = 14033*d**2 + 11*d + 14. Let s be n(-3). Suppose 3*i + o = 4*i - 31569, 5*o + s = 4*i. Is i a composite number?
False
Let f(s) = -676*s**3 - 3*s**2 - 2*s - 1. Suppose -4 = 16*o - 12*o. Let h be f(o). Is (8 - 9)/((-2)/h) a composite number?
False
Suppose 5*f - 10 = 3*f. Let q(b) = -3*b + 2*b + 557*b**2 + 9*b - 6*b - f. Is q(2) a composite number?
True
Suppose 2*c - 2*v = 0, -2*c - 3*v = 2*v - 28. Is (-1 - 4077)*(c - (-72)/(-16)) a composite number?
False
Suppose 112*o = -1561718 + 8499334. Is o composite?
True
Suppose -7542 - 11290 = -4*k. Let z = 12347 - k. Is z a prime number?
True
Let f = -6097 + 8966. Let y = 4748 + f. Is y composite?
True
Let d(b) = 3211*b - 269. Is d(12) prime?
False
Let u(p) = 15*p**2 - 14*p + 7. Suppose -11*t + 20 = -6*t. Is u(t) a composite number?
False
Let a(r) = 10*r**2 - 4*r + 29. Let t be a(12). Let y = t - 534. Is (90/78 + (-2)/13)*y a prime number?
True
Let a = 980005 + -410952. Is a a composite number?
False
Suppose 0 = -4*w - 52 - 88. Let d be w/(-14)*(-6)/(-5). Suppose -4*i + s = -i - 313, d*s = 5*i - 515. Is i a composite number?
True
Let t(j) = -42*j - 13. Let m be t(-6). Suppose -2*q + m = 5*n - 4*n, q + 5*n - 115 = 0. Suppose 4*d - 4 = q. Is d composite?
False
Suppose -17*p + 15*p = -o + 4, 0 = 5*o - p - 29. Suppose -387870 = -48*c + o*c. Is c a prime number?
False
Let l = 5113 - -98806. Is l a composite number?
False
Let b = 15921 + 6886. Suppose w + b = 4*d, 0*d + 3*w + 22813 = 4*d. Is d a prime number?
True
Let u be (-3)/((-104)/(-309) + (-8)/24). Let f = 434 - u. Is f a prime number?
True
Suppose 5*m + 46 = 4*n, -n - 4 = -8. Is (14 + -7 + m)*6362/2 composite?
False
Let x be (18/(-10))/(5/25). Let v(j) = -37*j - 5 - 6*j + 12. Is v(x) prime?
False
Let g be 446*(-2)/4*-16. Suppose -125*p + 133*p - g = 0. Is p prime?
False
Suppose 8*s - 4*s + 5*n = 317416, 3*n = 12. Is s prime?
True
Suppose -j = 2*m + 2, -j + m = 3*j - 28. Let t be 2/j*9 - 3. Suppose t*z = -z + 1177. Is z prime?
False
Suppose 21*c - 123540 - 690147 = 0. Is c a prime number?
True
Let h(m) be the second derivative of 9/2*m**2 - 11/3*m**3 + 0 + 2*m. Is h(-5) a prime number?
False
Suppose -23760 = -a + 34213. Is a prime?
True
Is (-1)/((-2)/(-4)) + 461748 + 18 + 18 a composite number?
True
Suppose 66266 = -0*z + 17*z. Suppose -60*v + 62*v - z = 0. Is v prime?
True
Let f(n) = -784*n + 41. Let s(m) = -m + 1. Let a be s(4). Is f(a) a prime number?
True
Let o = -27 - -77. Suppose b - 11*b = -o. Suppose 0 = 6*g - b*g - 1201. Is g prime?
True
Suppose 5*i - 336 = -2*i. Let w = 48 - i. Suppose -83*o + 79*o + 2524 = w. Is o a prime number?
True
Suppose 28032 = -4*v - 2*i, -6 = -5*i + 4. Is 7/(7/2) - (v - -8) composite?
True
Let x(p) = -p**2 + 114*p + 152617. Is x(0) a composite number?
False
Let l be (-20 - (-3 - -3))/(-5 + 3). Suppose 3*o - 5317 = -l*o. Is o prime?
True
Suppose 46*h - 3184601 - 1724020 + 713099 = 0. Is h prime?
False
Let p = -12 + 17. Let r = p - 5. Suppose a - 192 + 53 = r. Is a a composite number?
False
Is (-165)/(-110)*-2*(-2627164)/12 a composite number?
False
Suppose -4*a - 810 = -3*i + 28481, 0 = 5*i - 2*a - 48823. Suppose 6*h - 32295 = -i. Is h prime?
False
Suppose 0*u + 0*u = -2*u. Suppose 3*g - 12619 = -5*w - u*g, 2*g + 4 = 0. Suppose 6*j - 3*j = -2*v + w, 2*v = -2*j + 2520. Is v a prime number?
False
Suppose 2*m - 3*c - 74788 = 0, 3*m + 5*c - 112239 = -0*c. Is m composite?
True
Let s(y) = -88*y + 47. Let b be 17/(-3)*(-138)/(-46). Is s(b) a composite number?
False
Let o(m) = 2*m**3 - 35*m**2 + 38*m + 68. Let l(a) = -5*a**3 + 106*a**2 - 113*a - 205. Let g(r) = 3*l(r) + 8*o(r). Is g(-31) a prime number?
True
Suppose 4*y = -4*v - 11470 + 32614, -4*v - 12 = 0. Let j = -402 - -408. Suppose -y = -5*c - 3*f, j*f - 1049 = -c + f. Is c prime?
False
Let i be -4*3/(12/(-5)). Let y(r) be the first derivative of 16*r**3/3 + 3*r**2 + 9*r + 734. Is y(i) composite?
False
Let x be (346 - (0 - 1))/((-3)/(-6)). Suppose 2*j - 1308 - x = 0. Suppose 3*n = 4*g - j, 73 - 321 = -g + 3*n. Is g a prime number?
True
Suppose -2*y = -d - 84738 + 4557, -4*y = 4*d - 160368. Is y prime?
False
Let l be (-38 - -3)*2/5. Let c(s) = -51*s + 25. Let n(q) = -48*q + 25. Let u(m) = -2*c(m) + 3*n(m). Is u(l) a prime number?
True
Suppose 12*z - 15 = 69. Suppose 5*a + 4236 = z*a - s, s + 2 = 0. Is a composite?
True
Is (-22)/55 - (3792/(-5))/1 a prime number?
False
Let t(v) = 14245*v**2 - 30*v - 17. Is t